{"id":694,"date":"2019-04-22T12:02:07","date_gmt":"2019-04-22T10:02:07","guid":{"rendered":"http:\/\/edzacaire.fr\/?page_id=694"},"modified":"2019-10-21T21:37:55","modified_gmt":"2019-10-21T19:37:55","slug":"jardin-denfants","status":"publish","type":"page","link":"https:\/\/edzacaire.fr\/index.php\/jardin-denfants\/","title":{"rendered":"Jardin d&rsquo;enfants"},"content":{"rendered":"\n<p>Dans le quartier du Menshiet-Nasser, il y a un jardin d&rsquo;enfants qui n&rsquo;avait pas les moyens d&rsquo;accueillir les enfants du quartier, dans de bonnes conditions.<\/p>\n\n\n\n<p>Le jardin d&rsquo;enfants se trouve sur le terrain de l&rsquo;association des Chiffonniers sur lequel, il y a des activit\u00e9s de tri et de recyclage de plastique. Les classes sont au 1er \u00e9tage du b\u00e2timent situ\u00e9 sur le terrain.<\/p>\n\n\n\n<ul class=\"wp-block-gallery columns-3 is-cropped wp-block-gallery-1 is-layout-flex wp-block-gallery-is-layout-flex\"><li class=\"blocks-gallery-item\"><figure><img loading=\"lazy\" decoding=\"async\" width=\"1024\" height=\"678\" src=\"https:\/\/edzacaire.fr\/wp-content\/uploads\/2019\/04\/DSC_0037-1-1024x678.jpg\" alt=\"\" data-id=\"724\" data-link=\"https:\/\/edzacaire.fr\/?attachment_id=724\" class=\"wp-image-724\" srcset=\"https:\/\/edzacaire.fr\/wp-content\/uploads\/2019\/04\/DSC_0037-1-1024x678.jpg 1024w, https:\/\/edzacaire.fr\/wp-content\/uploads\/2019\/04\/DSC_0037-1-300x199.jpg 300w, https:\/\/edzacaire.fr\/wp-content\/uploads\/2019\/04\/DSC_0037-1-768x509.jpg 768w, https:\/\/edzacaire.fr\/wp-content\/uploads\/2019\/04\/DSC_0037-1-1200x795.jpg 1200w\" sizes=\"auto, (max-width: 709px) 85vw, (max-width: 909px) 67vw, (max-width: 1362px) 62vw, 840px\" \/><\/figure><\/li><li class=\"blocks-gallery-item\"><figure><img loading=\"lazy\" decoding=\"async\" width=\"1024\" height=\"678\" src=\"https:\/\/edzacaire.fr\/wp-content\/uploads\/2019\/04\/DSC_0026-2-1024x678.jpg\" alt=\"\" data-id=\"726\" data-link=\"https:\/\/edzacaire.fr\/?attachment_id=726\" class=\"wp-image-726\" srcset=\"https:\/\/edzacaire.fr\/wp-content\/uploads\/2019\/04\/DSC_0026-2-1024x678.jpg 1024w, https:\/\/edzacaire.fr\/wp-content\/uploads\/2019\/04\/DSC_0026-2-300x199.jpg 300w, https:\/\/edzacaire.fr\/wp-content\/uploads\/2019\/04\/DSC_0026-2-768x509.jpg 768w, https:\/\/edzacaire.fr\/wp-content\/uploads\/2019\/04\/DSC_0026-2-1200x795.jpg 1200w\" sizes=\"auto, (max-width: 709px) 85vw, (max-width: 909px) 67vw, (max-width: 1362px) 62vw, 840px\" \/><\/figure><\/li><li class=\"blocks-gallery-item\"><figure><img loading=\"lazy\" decoding=\"async\" width=\"1024\" height=\"678\" src=\"https:\/\/edzacaire.fr\/wp-content\/uploads\/2019\/04\/DSC_0032-Copie-1024x678.jpg\" alt=\"\" data-id=\"727\" data-link=\"https:\/\/edzacaire.fr\/?attachment_id=727\" class=\"wp-image-727\" srcset=\"https:\/\/edzacaire.fr\/wp-content\/uploads\/2019\/04\/DSC_0032-Copie-1024x678.jpg 1024w, https:\/\/edzacaire.fr\/wp-content\/uploads\/2019\/04\/DSC_0032-Copie-300x199.jpg 300w, https:\/\/edzacaire.fr\/wp-content\/uploads\/2019\/04\/DSC_0032-Copie-768x509.jpg 768w, https:\/\/edzacaire.fr\/wp-content\/uploads\/2019\/04\/DSC_0032-Copie-1200x795.jpg 1200w\" sizes=\"auto, (max-width: 709px) 85vw, (max-width: 909px) 67vw, (max-width: 1362px) 62vw, 840px\" \/><\/figure><\/li><\/ul>\n\n\n\n<p>Il faut ouvrir une 3\u00e8me classe, cr\u00e9er une cuisine pour offrir un repas aux enfants chaque  matin et fournir du mat\u00e9riel p\u00e9dagogique, prendre en charge les nouveaux salaires.<\/p>\n\n\n\n<p><br><\/p>\n\n\n\n<ul class=\"wp-block-gallery columns-0 is-cropped wp-block-gallery-2 is-layout-flex wp-block-gallery-is-layout-flex\"><\/ul>\n","protected":false},"excerpt":{"rendered":"<p>Dans le quartier du Menshiet-Nasser, il y a un jardin d&rsquo;enfants qui n&rsquo;avait pas les moyens d&rsquo;accueillir les enfants du quartier, dans de bonnes conditions. Le jardin d&rsquo;enfants se trouve sur le terrain de l&rsquo;association des Chiffonniers sur lequel, il y a des activit\u00e9s de tri et de recyclage de plastique. Les classes sont au &hellip; <a href=\"https:\/\/edzacaire.fr\/index.php\/jardin-denfants\/\" class=\"more-link\">Continuer la lecture<span class=\"screen-reader-text\"> de &laquo;&nbsp;Jardin d&rsquo;enfants&nbsp;&raquo;<\/span><\/a><\/p>\n","protected":false},"author":3,"featured_media":0,"parent":0,"menu_order":0,"comment_status":"closed","ping_status":"closed","template":"","meta":{"footnotes":""},"class_list":["post-694","page","type-page","status-publish","hentry"],"_links":{"self":[{"href":"https:\/\/edzacaire.fr\/index.php\/wp-json\/wp\/v2\/pages\/694","targetHints":{"allow":["GET"]}}],"collection":[{"href":"https:\/\/edzacaire.fr\/index.php\/wp-json\/wp\/v2\/pages"}],"about":[{"href":"https:\/\/edzacaire.fr\/index.php\/wp-json\/wp\/v2\/types\/page"}],"author":[{"embeddable":true,"href":"https:\/\/edzacaire.fr\/index.php\/wp-json\/wp\/v2\/users\/3"}],"replies":[{"embeddable":true,"href":"https:\/\/edzacaire.fr\/index.php\/wp-json\/wp\/v2\/comments?post=694"}],"version-history":[{"count":7,"href":"https:\/\/edzacaire.fr\/index.php\/wp-json\/wp\/v2\/pages\/694\/revisions"}],"predecessor-version":[{"id":869,"href":"https:\/\/edzacaire.fr\/index.php\/wp-json\/wp\/v2\/pages\/694\/revisions\/869"}],"wp:attachment":[{"href":"https:\/\/edzacaire.fr\/index.php\/wp-json\/wp\/v2\/media?parent=694"}],"curies":[{"name":"wp","href":"https:\/\/api.w.org\/{rel}","templated":true}]}}