{"id":524,"date":"2019-04-08T22:28:51","date_gmt":"2019-04-08T20:28:51","guid":{"rendered":"http:\/\/edzacaire.fr\/?page_id=524"},"modified":"2019-05-24T16:52:03","modified_gmt":"2019-05-24T14:52:03","slug":"les-projets-au-moqattam","status":"publish","type":"page","link":"https:\/\/edzacaire.fr\/index.php\/les-projets-au-moqattam\/","title":{"rendered":"Les projets au Moqattam"},"content":{"rendered":"\n<p>Pendant 10 ans, avec Romani, nous avons soutenu les activit\u00e9s de la Maison pour Tous de Maadi-Tourah et les Chiffonniers de ce quartier, l&rsquo;association s&rsquo;investit maintenant dans le bidonville du Moqattam.<\/p>\n\n\n\n<p>Bien s\u00fbr, nous garderons toujours quelques projets  \u00e0 Maadi-Tourah<\/p>\n\n\n\n<div class=\"wp-block-media-text alignwide has-media-on-the-right\"><figure class=\"wp-block-media-text__media\"><img loading=\"lazy\" decoding=\"async\" width=\"1024\" height=\"680\" src=\"https:\/\/edzacaire.fr\/wp-content\/uploads\/2019\/04\/AC-Moqattam-Copie-1024x680.jpg\" alt=\"\" class=\"wp-image-460\" srcset=\"https:\/\/edzacaire.fr\/wp-content\/uploads\/2019\/04\/AC-Moqattam-Copie-1024x680.jpg 1024w, https:\/\/edzacaire.fr\/wp-content\/uploads\/2019\/04\/AC-Moqattam-Copie-300x199.jpg 300w, https:\/\/edzacaire.fr\/wp-content\/uploads\/2019\/04\/AC-Moqattam-Copie-768x510.jpg 768w, https:\/\/edzacaire.fr\/wp-content\/uploads\/2019\/04\/AC-Moqattam-Copie-1200x797.jpg 1200w, https:\/\/edzacaire.fr\/wp-content\/uploads\/2019\/04\/AC-Moqattam-Copie.jpg 1205w\" sizes=\"auto, (max-width: 709px) 85vw, (max-width: 909px) 67vw, (max-width: 1362px) 62vw, 840px\" \/><\/figure><div class=\"wp-block-media-text__content\">\n<h3 class=\"wp-block-heading\">Menshiet-Nasser<\/h3>\n\n\n\n<p>En p\u00e9riph\u00e9rie du Caire se trouve le Moqattam et plus pr\u00e9cis\u00e9ment le quartier des Zabbalins de Menshiet-Nasser. Ils se sont install\u00e9s ici, petit \u00e0 petit  depuis environ  50 ans&#8230;. Ils trient chaque jour, 45 tonnes de d\u00e9chets dont ils recyclent 80%.<\/p>\n<\/div><\/div>\n\n\n\n<p>Des habitants de ce quartier, dont Romani Badir, que nous connaissons depuis longtemps, nous ont soumis plusieurs projets qu&rsquo;ils souhaitent d\u00e9velopper pour leur communaut\u00e9.<\/p>\n\n\n\n<ul class=\"wp-block-list\"><li>Un jardin d&rsquo;enfants.<\/li><li> Des cours d&rsquo;alphab\u00e9tisation.<\/li><li>Des micro-cr\u00e9dits.<\/li><li>Des action sanitaires.<\/li><li>Des parrainages scolaires.<\/li><\/ul>\n\n\n\n<p>Apr\u00e8s la Maison pour Tous de Maadi-Tourah, l&rsquo;association EDZaCaire accompagne les projets des Chiffonniers de Menshiet-Nasser.<\/p>\n","protected":false},"excerpt":{"rendered":"<p>Pendant 10 ans, avec Romani, nous avons soutenu les activit\u00e9s de la Maison pour Tous de Maadi-Tourah et les Chiffonniers de ce quartier, l&rsquo;association s&rsquo;investit maintenant dans le bidonville du Moqattam. Bien s\u00fbr, nous garderons toujours quelques projets \u00e0 Maadi-Tourah Menshiet-Nasser En p\u00e9riph\u00e9rie du Caire se trouve le Moqattam et plus pr\u00e9cis\u00e9ment le quartier des &hellip; <a href=\"https:\/\/edzacaire.fr\/index.php\/les-projets-au-moqattam\/\" class=\"more-link\">Continuer la lecture<span class=\"screen-reader-text\"> de &laquo;&nbsp;Les projets au Moqattam&nbsp;&raquo;<\/span><\/a><\/p>\n","protected":false},"author":3,"featured_media":0,"parent":0,"menu_order":0,"comment_status":"closed","ping_status":"closed","template":"","meta":{"footnotes":""},"class_list":["post-524","page","type-page","status-publish","hentry"],"_links":{"self":[{"href":"https:\/\/edzacaire.fr\/index.php\/wp-json\/wp\/v2\/pages\/524","targetHints":{"allow":["GET"]}}],"collection":[{"href":"https:\/\/edzacaire.fr\/index.php\/wp-json\/wp\/v2\/pages"}],"about":[{"href":"https:\/\/edzacaire.fr\/index.php\/wp-json\/wp\/v2\/types\/page"}],"author":[{"embeddable":true,"href":"https:\/\/edzacaire.fr\/index.php\/wp-json\/wp\/v2\/users\/3"}],"replies":[{"embeddable":true,"href":"https:\/\/edzacaire.fr\/index.php\/wp-json\/wp\/v2\/comments?post=524"}],"version-history":[{"count":8,"href":"https:\/\/edzacaire.fr\/index.php\/wp-json\/wp\/v2\/pages\/524\/revisions"}],"predecessor-version":[{"id":799,"href":"https:\/\/edzacaire.fr\/index.php\/wp-json\/wp\/v2\/pages\/524\/revisions\/799"}],"wp:attachment":[{"href":"https:\/\/edzacaire.fr\/index.php\/wp-json\/wp\/v2\/media?parent=524"}],"curies":[{"name":"wp","href":"https:\/\/api.w.org\/{rel}","templated":true}]}}